
True
Does 19 divide 5455783?
False
Is 1550175 a multiple of 11?
True
Is 971838 a multiple of 25?
False
Does 6 divide 41123?
False
Is 992240 a multiple of 395?
True
Is 30090 a multiple of 30?
True
Is 5 a factor of 887537?
False
Does 103 divide 204311?
False
Is 6141 a multiple of 493?
False
Is 61 a factor of 148999?
False
Is 51 a factor of 174301?
False
Is 409 a factor of 5159870?
False
Does 458 divide 263375?
False
Is 85 a factor of 91992?
False
Is 916597 a multiple of 7?
False
Is 52 a factor of 609581?
False
Is 640 a factor of 2315520?
True
Is 91 a factor of 5429849?
False
Is 7 a factor of 150731?
True
Is 643 a factor of 9225988?
False
Does 3 divide 1297704?
True
Does 654 divide 4226550?
False
Is 107 a factor of 53661?
False
Is 494 a factor of 1191276?
False
Does 7 divide 10322836?
False
Is 121829 a multiple of 29?
True
Is 252 a factor of 446796?
True
Is 6 a factor of 260150?
False
Does 105 divide 5763788?
False
Is 87937 a multiple of 36?
False
Does 2 divide 36687?
False
Is 48 a factor of 352368?
True
Does 11 divide 4812534?
False
Is 11 a factor of 1209736?
True
Is 11435330 a multiple of 483?
False
Is 74 a factor of 988399?
False
Is 8425 a multiple of 36?
False
Is 59 a factor of 14830653?
True
Is 143650 a multiple of 338?
True
Does 13 divide 1282646?
False
Is 279 a factor of 368838?
True
Does 25 divide 678875?
True
Does 105 divide 731745?
True
Is 24 a factor of 3656568?
True
Does 12 divide 1422935?
False
Does 19 divide 698079?
True
Does 829 divide 116060?
True
Does 13 divide 100910?
False
Is 25 a factor of 33495?
False
Does 71 divide 690226?
False
Is 48888 a multiple of 168?
True
Is 24 a factor of 1740257?
False
Is 87 a factor of 420797?
False
Does 31 divide 47492?
True
Is 86 a factor of 27682110?
True
Is 3942783 a multiple of 39?
True
Is 102 a factor of 67814?
False
Is 181 a factor of 2134171?
True
Is 3617542 a multiple of 20?
False
Is 9 a factor of 101736?
True
Is 3884453 a multiple of 43?
False
Does 16 divide 1180608?
True
Is 468191 a multiple of 1042?
False
Is 166635 a multiple of 15?
True
Is 2186713 a multiple of 34?
False
Is 76929 a multiple of 31?
False
Does 9 divide 1441656?
True
Is 9 a factor of 120267?
True
Is 23 a factor of 2944?
True
Is 158 a factor of 736662?
False
Is 12 a factor of 468816?
True
Does 43 divide 9836508?
True
Is 263 a factor of 276845?
False
Is 10908118 a multiple of 74?
True
Is 2374299 a multiple of 1269?
True
Does 120 divide 120960?
True
Is 485 a factor of 15627631?
False
Does 93 divide 2018472?
True
Is 995 a factor of 10037560?
True
Is 4225925 a multiple of 121?
True
Does 21 divide 4327113?
True
Is 21 a factor of 33715?
False
Is 3866782 a multiple of 62?
False
Is 2367108 a multiple of 9?
True
Does 6 divide 53316?
True
Does 90 divide 6219010?
False
Is 69407 even?
False
Is 12 a factor of 151344?
True
Does 16 divide 118101?
False
Is 6804 a multiple of 12?
True
Is 214643 a multiple of 11?
True
Is 11 a factor of 174681?
False
Does 6 divide 205734?
True
Is 14 a factor of 61294?
False
Is 2651880 a multiple of 984?
True
Is 25942 a multiple of 17?
True
Is 11 a factor of 168077?
False
Is 246448 a multiple of 208?
False
Is 3269801 a multiple of 413?
False
Is 1128043 a multiple of 686?
False
Is 29 a factor of 2167765?
False
Does 453 divide 7235769?
True
Is 637 a factor of 475202?
True
Is 384097 a multiple of 143?
False
Is 139608 a multiple of 790?
False
Is 4360114 a multiple of 473?
True
Is 30724 a multiple of 8?
False
Does 25 divide 308499?
False
Is 275457 a multiple of 273?
True
Is 71 a factor of 6720889?
False
Does 121 divide 563497?
True
Is 37 a factor of 130980?
True
Does 64 divide 31822?
False
Is 59 a factor of 2966933?
True
Does 59 divide 1055089?
False
Is 2362764 a multiple of 129?
True
Does 12 divide 525012?
True
Is 1667139 a multiple of 97?
True
Is 1982674 a multiple of 1303?
False
Does 186 divide 120342?
True
Is 62 a factor of 311581?
False
Is 50 a factor of 1197300?
True
Is 2119946 a multiple of 502?
True
Is 310 a factor of 107880?
True
Does 45 divide 273903?
False
Is 56448 a multiple of 42?
True
Does 14 divide 1157590?
True
Is 16686 a multiple of 4?
False
Does 31 divide 20081924?
True
Is 17 a factor of 31127?
True
Is 5939248 a multiple of 116?
False
Is 434 a factor of 13218262?
False
Does 89 divide 850244?
False
Is 357 a factor of 160632?
False
Does 104 divide 636064?
True
Does 67 divide 474868?
False
Is 704 a factor of 6435968?
True
Is 962171 a multiple of 7?
True
Is 304 a factor of 2698304?
True
Is 8621628 a multiple of 173?
True
Is 31 a factor of 203005?
False
Is 5 a factor of 4678345?
True
Is 4996237 a multiple of 246?
False
Is 85 a factor of 55020?
False
Is 4608499 a multiple of 577?
True
Does 53 divide 857448?
False
Is 57677 a multiple of 131?
False
Does 400 divide 548110?
False
Does 71 divide 604352?
True
Does 55 divide 122265?
True
Does 22 divide 1437101?
False
Is 89 a factor of 4440033?
False
Is 13 a factor of 13037076?
True
Is 11 a factor of 2975151?
False
Is 46295 a multiple of 2?
False
Is 836 a factor of 447288?
False
Is 108 a factor of 5138856?
True
Is 178 a factor of 131218?
False
Is 26 a factor of 84590?
False
Is 92 a factor of 119600?
True
Is 1311093 a multiple of 101?
False
Does 349 divide 264542?
True
Is 668 a factor of 1446220?
True
Is 26 a factor of 311055?
False
Does 137 divide 12556?
False
Is 6783195 a multiple of 58?
False
Does 22 divide 136510?
True
Is 123042 a multiple of 83?
False
Is 141836 a multiple of 15?
False
Is 13 a factor of 363611?
False
Is 8 a factor of 3098767?
False
Is 57 a factor of 6510939?
True
Is 32 a factor of 2359136?
True
Is 8171954 a multiple of 335?
False
Does 127 divide 15792069?
True
Is 125 a factor of 105250?
True
Does 123 divide 1381918?
False
Does 20 divide 20275?
False
Does 650 divide 1074195?
False
Is 17 a factor of 706568?
False
Is 368830 a multiple of 218?
False
Is 17458409 a multiple of 633?
False
Does 355 divide 90525?
True
Is 768924 a multiple of 1116?
True
Does 208 divide 110864?
True
Is 2761219 a multiple of 34?
False
Is 509 a factor of 398201?
False
Is 52505 a multiple of 51?
False
Is 5234716 a multiple of 82?
True
Is 529223 a multiple of 167?
True
Does 995 divide 750916?
False
Does 59 divide 24628?
False
Does 24 divide 1048344?
True
Does 66 divide 78063?
False
Is 38 a factor of 236618?
False
Does 26 divide 16136?
False
Is 58643 a multiple of 19?
False
Does 78 divide 392964?
True
Is 158 a factor of 336698?
True
Does 98 divide 208250?
True
Does 3 divide 264468?
True
Is 302 a factor of 2105544?
True
Does 389 divide 1361889?
True
Is 61 a factor of 1459?
False
Is 4592300 a multiple of 4?
True
Is 51977 even?
False
Does 117 divide 6958422?
False
Does 30 divide 714250?
False
Does 4 divide 122712?
True
Is 9 a factor of 293994?
True
Is 9160292 a multiple of 388?
True
Is 8 a factor of 985858?
False
Is 36 a factor of 1116?
True
Does 22 divide 418528?
True
Does 1113 divide 2727963?
True
Is 258210 a multiple of 10?
True
Does 298 divide 568204?
False
Is 61 a factor of 495015?
True
Does 373 divide 319051?
False
Is 4964067 a multiple of 282?
False
Is 176656 a multiple of 8?
True
Does 71 divide 1017758?
False
Is 133 a factor of 53916?
False
Is 809 a factor of 4184148?
True
Does 212 divide 153158?
False
Is 684008 a multiple of 104?
True
Is 16916412 a multiple of 194?
True
Is 151657 a multiple of 73?
False
Is 7287228 a multiple of 207?
True
Is 20675 a multiple of 5?
True
Is 58 a factor of 542242?
True
Does 18 divide 600102?
True
Is 25 a factor of 3488257?
False
Is 566487 a multiple of 27?
True
Does 47 divide 467181?
False
Does 237 divide 57702?
False
Is 27 a factor of 14634?
True
Is 52 a factor of 1257212?
False
Is 53 a factor of 6546560?
True
Is 19 a factor of 88464?
True
Does 208 divide 73008?
True
Is 22 a factor of 213692?
False
Does 69 divide 142071?
True
Is 8 a factor of 690080?
True
Is 945516 a multiple of 66?
True
Is 30840 a multiple of 60?
True
Is 52774 a multiple of 11?
False
Does 232 divide 2114680?
True
Does 34 divide 139502?
True
Is 149 a factor of 421440?
False
Is 4550 a multiple of 55?
False
Does 20 divide 434629?
False
Is 115 a factor of 22069?
False
Does 304 divide 772333?
False
Does 49 divide 231046?
False
Does 2 divide 223285?
False
Is 344504 a multiple of 112?
False
Does 165 divide 1223891?
False
Is 12 a factor of 117264?
True
Does 73 divide 2829